{"id":124,"date":"2024-03-18T11:57:52","date_gmt":"2024-03-18T10:57:52","guid":{"rendered":"http:\/\/ashtangayogafrance.com\/?page_id=124"},"modified":"2024-11-18T16:01:36","modified_gmt":"2024-11-18T15:01:36","slug":"intro-1","status":"publish","type":"page","link":"https:\/\/ashtangayogafrance.com\/","title":{"rendered":"Paramaguru R. Sharath Jois, 1971-2024."},"content":{"rendered":"\n<p>M\u00e9morial par @kinoyoga : <a href=\"https:\/\/zoom.us\/rec\/play\/OVxjp4DadEHpMMRIgs3rPdjtIPOV-KPqqnLn3AgtklX1XeJ0iAJiShGKrb2OXVGh58bAt0T1bW7H3anL.q0-rZrVB647yOQJa?canPlayFromShare=true&amp;from=share_recording_detail&amp;continueMode=true&amp;componentName=rec-play&amp;originRequestUrl=https%3A%2F%2Fzoom.us%2Frec%2Fshare%2FxfIc0q6NE5OxM3Pd7GtIrDXnjWcEm3krJf7lkZPPpQg6l_0lT-xq3g_cveYZWChQ.xcXtOVgmS6nhSOi2%3Ffbclid%3DPAZXh0bgNhZW0CMTEAAaZNdqjyM4wxqILbVTwqzHkc64Wh3EEnedwybaYKH1AdUts2-Y2tbCDO-TA_aem_keaQ6EZCLlr_YO_D3zWBzQ\" target=\"_blank\" rel=\"noreferrer noopener\">clic here<\/a><\/p>\n\n\n\n<p>SharathJi a \u00e9t\u00e9 un professeur brillant, mais surtout, c&rsquo;\u00e9tait un \u00eatre humain merveilleux et chaleureux. Chacun d&rsquo;entre nous a v\u00e9cu une petite histoire avec lui, et cela a touch\u00e9 l&rsquo;\u00e2me de tous les \u00e9l\u00e8ves qui ont franchi la porte du Shala de Mysore.<\/p>\n\n\n\n<p>Les enseignements de Sri Sharath Ji se propageront en nous, et nous devons tous mettre en pratique ce qu&rsquo;il a enseign\u00e9 lors des conf\u00e9rences.<\/p>\n\n\n\n<p>\u00ab\u00a0Ne vous contentez pas de plier le corps, mais soyez une personne bonne et compatissante, aidez les personnes dans le besoin, essayez toujours de vous am\u00e9liorer.\u00a0\u00bb<\/p>\n\n\n\n<p>~ R Sharath Jois<\/p>\n\n\n\n<p>Nous te sommes infiniment reconnaissants et poursuivrons ce chemin port\u00e9s par la lumi\u00e8re que tu as diffus\u00e9e. Que ton voyage soit paisible, et puissions-nous, \u00e0 notre tour, transmettre ta lumi\u00e8re.<\/p>\n\n\n\n<p>Nos c\u0153urs et mes pri\u00e8res vont \u00e0 votre famille et \u00e0 vos proches.<\/p>\n\n\n\n<p>\u201cWhen conditions are sufficient, a cloud transforms into rain, snow, or hail. The cloud has never been born and will never die. This insight of signlessness and interbeing helps us recognize that all lives continue in different forms. Nothing is created, nothing is destroyed, everything is in transformation. There is no real death because there is always continuation.\u201d<\/p>\n\n\n\n<p>~ Thich Nhat Hanh<\/p>\n\n\n\n<p><a href=\"http:\/\/ashtangayogafrance.com\/index.php\/ashtanga-yoga-france\/\">Plu<\/a><a href=\"http:\/\/ashtangayogafrance.com\/index.php\/ashtanga-yoga\/\">s d&rsquo;infos<\/a><\/p>\n","protected":false},"excerpt":{"rendered":"<p>M\u00e9morial par @kinoyoga : clic here SharathJi a \u00e9t\u00e9 un professeur brillant, mais surtout, c&rsquo;\u00e9tait un \u00eatre humain merveilleux et chaleureux. Chacun d&rsquo;entre nous a v\u00e9cu une petite histoire avec lui, et cela a touch\u00e9 l&rsquo;\u00e2me de tous les \u00e9l\u00e8ves qui ont franchi la porte du Shala de Mysore. Les enseignements de Sri Sharath Ji &hellip; <\/p>\n<p class=\"link-more\"><a href=\"https:\/\/ashtangayogafrance.com\/\" class=\"more-link\">Continuer la lecture<span class=\"screen-reader-text\"> de &laquo;&nbsp;Paramaguru R. Sharath Jois, 1971-2024.&nbsp;&raquo;<\/span><\/a><\/p>\n","protected":false},"author":1,"featured_media":59,"parent":0,"menu_order":0,"comment_status":"closed","ping_status":"closed","template":"","meta":{"footnotes":""},"class_list":["post-124","page","type-page","status-publish","has-post-thumbnail","hentry"],"yoast_head":"<!-- This site is optimized with the Yoast SEO plugin v27.3 - https:\/\/yoast.com\/product\/yoast-seo-wordpress\/ -->\n<title>Paramaguru R. Sharath Jois, 1971-2024. - ASHTANGA YOGA FRANCE<\/title>\n<meta name=\"description\" content=\"Ashtanga Yoga France, Il est important que les \u00e9l\u00e8ves pratiquent les asanas (postures de yoga) dans l\u2019ordre et la m\u00e9thode du vinyasa.\" \/>\n<meta name=\"robots\" content=\"index, follow, max-snippet:-1, max-image-preview:large, max-video-preview:-1\" \/>\n<link rel=\"canonical\" href=\"http:\/\/ashtangayogafrance.com\/\" \/>\n<meta property=\"og:locale\" content=\"fr_FR\" \/>\n<meta property=\"og:type\" content=\"article\" \/>\n<meta property=\"og:title\" content=\"Paramaguru R. Sharath Jois, 1971-2024. - ASHTANGA YOGA FRANCE\" \/>\n<meta property=\"og:description\" content=\"Ashtanga Yoga France, Il est important que les \u00e9l\u00e8ves pratiquent les asanas (postures de yoga) dans l\u2019ordre et la m\u00e9thode du vinyasa.\" \/>\n<meta property=\"og:url\" content=\"http:\/\/ashtangayogafrance.com\/\" \/>\n<meta property=\"og:site_name\" content=\"ASHTANGA YOGA FRANCE\" \/>\n<meta property=\"article:publisher\" content=\"https:\/\/www.facebook.com\/ashtangayogafrance\" \/>\n<meta property=\"article:modified_time\" content=\"2024-11-18T15:01:36+00:00\" \/>\n<meta property=\"og:image\" content=\"http:\/\/ashtangayogafrance.com\/wp-content\/uploads\/2024\/02\/DSC8636-2048x1447-1.jpg\" \/>\n\t<meta property=\"og:image:width\" content=\"2048\" \/>\n\t<meta property=\"og:image:height\" content=\"1447\" \/>\n\t<meta property=\"og:image:type\" content=\"image\/jpeg\" \/>\n<meta name=\"twitter:card\" content=\"summary_large_image\" \/>\n<meta name=\"twitter:label1\" content=\"Dur\u00e9e de lecture estim\u00e9e\" \/>\n\t<meta name=\"twitter:data1\" content=\"2 minutes\" \/>\n<script type=\"application\/ld+json\" class=\"yoast-schema-graph\">{\"@context\":\"https:\\\/\\\/schema.org\",\"@graph\":[{\"@type\":\"WebPage\",\"@id\":\"http:\\\/\\\/ashtangayogafrance.com\\\/\",\"url\":\"http:\\\/\\\/ashtangayogafrance.com\\\/\",\"name\":\"Paramaguru R. Sharath Jois, 1971-2024. - ASHTANGA YOGA FRANCE\",\"isPartOf\":{\"@id\":\"http:\\\/\\\/ashtangayogafrance.com\\\/#website\"},\"primaryImageOfPage\":{\"@id\":\"http:\\\/\\\/ashtangayogafrance.com\\\/#primaryimage\"},\"image\":{\"@id\":\"http:\\\/\\\/ashtangayogafrance.com\\\/#primaryimage\"},\"thumbnailUrl\":\"https:\\\/\\\/ashtangayogafrance.com\\\/wp-content\\\/uploads\\\/2024\\\/02\\\/DSC8636-2048x1447-1.jpg\",\"datePublished\":\"2024-03-18T10:57:52+00:00\",\"dateModified\":\"2024-11-18T15:01:36+00:00\",\"description\":\"Ashtanga Yoga France, Il est important que les \u00e9l\u00e8ves pratiquent les asanas (postures de yoga) dans l\u2019ordre et la m\u00e9thode du vinyasa.\",\"breadcrumb\":{\"@id\":\"http:\\\/\\\/ashtangayogafrance.com\\\/#breadcrumb\"},\"inLanguage\":\"fr-FR\",\"potentialAction\":[{\"@type\":\"ReadAction\",\"target\":[\"http:\\\/\\\/ashtangayogafrance.com\\\/\"]}]},{\"@type\":\"ImageObject\",\"inLanguage\":\"fr-FR\",\"@id\":\"http:\\\/\\\/ashtangayogafrance.com\\\/#primaryimage\",\"url\":\"https:\\\/\\\/ashtangayogafrance.com\\\/wp-content\\\/uploads\\\/2024\\\/02\\\/DSC8636-2048x1447-1.jpg\",\"contentUrl\":\"https:\\\/\\\/ashtangayogafrance.com\\\/wp-content\\\/uploads\\\/2024\\\/02\\\/DSC8636-2048x1447-1.jpg\",\"width\":2048,\"height\":1447},{\"@type\":\"BreadcrumbList\",\"@id\":\"http:\\\/\\\/ashtangayogafrance.com\\\/#breadcrumb\",\"itemListElement\":[{\"@type\":\"ListItem\",\"position\":1,\"name\":\"Accueil\",\"item\":\"http:\\\/\\\/ashtangayogafrance.com\\\/\"},{\"@type\":\"ListItem\",\"position\":2,\"name\":\"Paramaguru R. Sharath Jois, 1971-2024.\"}]},{\"@type\":\"WebSite\",\"@id\":\"http:\\\/\\\/ashtangayogafrance.com\\\/#website\",\"url\":\"http:\\\/\\\/ashtangayogafrance.com\\\/\",\"name\":\"ASHTANGA YOGA FRANCE\",\"description\":\"Les professeurs Fran\u00e7ais, de l&#039;\u00e9cole KPJAYI SYC de Mysore \u201cSharath Jois Yoga Center Ashtanga Yoga Institute\u201c ASHTANGA YOGA &amp; MYSORE STYLE ASHTANGA, PARIS, LYON, BORDEAUX, AIX EN PROVENCE, LIMOGES, MONTPELLIER, CORSE.\",\"publisher\":{\"@id\":\"http:\\\/\\\/ashtangayogafrance.com\\\/#organization\"},\"potentialAction\":[{\"@type\":\"SearchAction\",\"target\":{\"@type\":\"EntryPoint\",\"urlTemplate\":\"http:\\\/\\\/ashtangayogafrance.com\\\/?s={search_term_string}\"},\"query-input\":{\"@type\":\"PropertyValueSpecification\",\"valueRequired\":true,\"valueName\":\"search_term_string\"}}],\"inLanguage\":\"fr-FR\"},{\"@type\":\"Organization\",\"@id\":\"http:\\\/\\\/ashtangayogafrance.com\\\/#organization\",\"name\":\"ASHTANGA YOGA FRANCE\",\"url\":\"http:\\\/\\\/ashtangayogafrance.com\\\/\",\"logo\":{\"@type\":\"ImageObject\",\"inLanguage\":\"fr-FR\",\"@id\":\"http:\\\/\\\/ashtangayogafrance.com\\\/#\\\/schema\\\/logo\\\/image\\\/\",\"url\":\"https:\\\/\\\/ashtangayogafrance.com\\\/wp-content\\\/uploads\\\/2024\\\/02\\\/cropped-logo-ashtanga-yoga-1.png\",\"contentUrl\":\"https:\\\/\\\/ashtangayogafrance.com\\\/wp-content\\\/uploads\\\/2024\\\/02\\\/cropped-logo-ashtanga-yoga-1.png\",\"width\":250,\"height\":250,\"caption\":\"ASHTANGA YOGA FRANCE\"},\"image\":{\"@id\":\"http:\\\/\\\/ashtangayogafrance.com\\\/#\\\/schema\\\/logo\\\/image\\\/\"},\"sameAs\":[\"https:\\\/\\\/www.facebook.com\\\/ashtangayogafrance\",\"https:\\\/\\\/www.instagram.com\\\/ashtangayogafrance\\\/\"]}]}<\/script>\n<!-- \/ Yoast SEO plugin. -->","yoast_head_json":{"title":"Paramaguru R. Sharath Jois, 1971-2024. - ASHTANGA YOGA FRANCE","description":"Ashtanga Yoga France, Il est important que les \u00e9l\u00e8ves pratiquent les asanas (postures de yoga) dans l\u2019ordre et la m\u00e9thode du vinyasa.","robots":{"index":"index","follow":"follow","max-snippet":"max-snippet:-1","max-image-preview":"max-image-preview:large","max-video-preview":"max-video-preview:-1"},"canonical":"http:\/\/ashtangayogafrance.com\/","og_locale":"fr_FR","og_type":"article","og_title":"Paramaguru R. Sharath Jois, 1971-2024. - ASHTANGA YOGA FRANCE","og_description":"Ashtanga Yoga France, Il est important que les \u00e9l\u00e8ves pratiquent les asanas (postures de yoga) dans l\u2019ordre et la m\u00e9thode du vinyasa.","og_url":"http:\/\/ashtangayogafrance.com\/","og_site_name":"ASHTANGA YOGA FRANCE","article_publisher":"https:\/\/www.facebook.com\/ashtangayogafrance","article_modified_time":"2024-11-18T15:01:36+00:00","og_image":[{"width":2048,"height":1447,"url":"http:\/\/ashtangayogafrance.com\/wp-content\/uploads\/2024\/02\/DSC8636-2048x1447-1.jpg","type":"image\/jpeg"}],"twitter_card":"summary_large_image","twitter_misc":{"Dur\u00e9e de lecture estim\u00e9e":"2 minutes"},"schema":{"@context":"https:\/\/schema.org","@graph":[{"@type":"WebPage","@id":"http:\/\/ashtangayogafrance.com\/","url":"http:\/\/ashtangayogafrance.com\/","name":"Paramaguru R. Sharath Jois, 1971-2024. - ASHTANGA YOGA FRANCE","isPartOf":{"@id":"http:\/\/ashtangayogafrance.com\/#website"},"primaryImageOfPage":{"@id":"http:\/\/ashtangayogafrance.com\/#primaryimage"},"image":{"@id":"http:\/\/ashtangayogafrance.com\/#primaryimage"},"thumbnailUrl":"https:\/\/ashtangayogafrance.com\/wp-content\/uploads\/2024\/02\/DSC8636-2048x1447-1.jpg","datePublished":"2024-03-18T10:57:52+00:00","dateModified":"2024-11-18T15:01:36+00:00","description":"Ashtanga Yoga France, Il est important que les \u00e9l\u00e8ves pratiquent les asanas (postures de yoga) dans l\u2019ordre et la m\u00e9thode du vinyasa.","breadcrumb":{"@id":"http:\/\/ashtangayogafrance.com\/#breadcrumb"},"inLanguage":"fr-FR","potentialAction":[{"@type":"ReadAction","target":["http:\/\/ashtangayogafrance.com\/"]}]},{"@type":"ImageObject","inLanguage":"fr-FR","@id":"http:\/\/ashtangayogafrance.com\/#primaryimage","url":"https:\/\/ashtangayogafrance.com\/wp-content\/uploads\/2024\/02\/DSC8636-2048x1447-1.jpg","contentUrl":"https:\/\/ashtangayogafrance.com\/wp-content\/uploads\/2024\/02\/DSC8636-2048x1447-1.jpg","width":2048,"height":1447},{"@type":"BreadcrumbList","@id":"http:\/\/ashtangayogafrance.com\/#breadcrumb","itemListElement":[{"@type":"ListItem","position":1,"name":"Accueil","item":"http:\/\/ashtangayogafrance.com\/"},{"@type":"ListItem","position":2,"name":"Paramaguru R. Sharath Jois, 1971-2024."}]},{"@type":"WebSite","@id":"http:\/\/ashtangayogafrance.com\/#website","url":"http:\/\/ashtangayogafrance.com\/","name":"ASHTANGA YOGA FRANCE","description":"Les professeurs Fran\u00e7ais, de l&#039;\u00e9cole KPJAYI SYC de Mysore \u201cSharath Jois Yoga Center Ashtanga Yoga Institute\u201c ASHTANGA YOGA &amp; MYSORE STYLE ASHTANGA, PARIS, LYON, BORDEAUX, AIX EN PROVENCE, LIMOGES, MONTPELLIER, CORSE.","publisher":{"@id":"http:\/\/ashtangayogafrance.com\/#organization"},"potentialAction":[{"@type":"SearchAction","target":{"@type":"EntryPoint","urlTemplate":"http:\/\/ashtangayogafrance.com\/?s={search_term_string}"},"query-input":{"@type":"PropertyValueSpecification","valueRequired":true,"valueName":"search_term_string"}}],"inLanguage":"fr-FR"},{"@type":"Organization","@id":"http:\/\/ashtangayogafrance.com\/#organization","name":"ASHTANGA YOGA FRANCE","url":"http:\/\/ashtangayogafrance.com\/","logo":{"@type":"ImageObject","inLanguage":"fr-FR","@id":"http:\/\/ashtangayogafrance.com\/#\/schema\/logo\/image\/","url":"https:\/\/ashtangayogafrance.com\/wp-content\/uploads\/2024\/02\/cropped-logo-ashtanga-yoga-1.png","contentUrl":"https:\/\/ashtangayogafrance.com\/wp-content\/uploads\/2024\/02\/cropped-logo-ashtanga-yoga-1.png","width":250,"height":250,"caption":"ASHTANGA YOGA FRANCE"},"image":{"@id":"http:\/\/ashtangayogafrance.com\/#\/schema\/logo\/image\/"},"sameAs":["https:\/\/www.facebook.com\/ashtangayogafrance","https:\/\/www.instagram.com\/ashtangayogafrance\/"]}]}},"_links":{"self":[{"href":"https:\/\/ashtangayogafrance.com\/index.php\/wp-json\/wp\/v2\/pages\/124","targetHints":{"allow":["GET"]}}],"collection":[{"href":"https:\/\/ashtangayogafrance.com\/index.php\/wp-json\/wp\/v2\/pages"}],"about":[{"href":"https:\/\/ashtangayogafrance.com\/index.php\/wp-json\/wp\/v2\/types\/page"}],"author":[{"embeddable":true,"href":"https:\/\/ashtangayogafrance.com\/index.php\/wp-json\/wp\/v2\/users\/1"}],"replies":[{"embeddable":true,"href":"https:\/\/ashtangayogafrance.com\/index.php\/wp-json\/wp\/v2\/comments?post=124"}],"version-history":[{"count":6,"href":"https:\/\/ashtangayogafrance.com\/index.php\/wp-json\/wp\/v2\/pages\/124\/revisions"}],"predecessor-version":[{"id":260,"href":"https:\/\/ashtangayogafrance.com\/index.php\/wp-json\/wp\/v2\/pages\/124\/revisions\/260"}],"wp:featuredmedia":[{"embeddable":true,"href":"https:\/\/ashtangayogafrance.com\/index.php\/wp-json\/wp\/v2\/media\/59"}],"wp:attachment":[{"href":"https:\/\/ashtangayogafrance.com\/index.php\/wp-json\/wp\/v2\/media?parent=124"}],"curies":[{"name":"wp","href":"https:\/\/api.w.org\/{rel}","templated":true}]}}